{"id":112,"date":"2018-09-26T23:58:25","date_gmt":"2018-09-26T23:58:25","guid":{"rendered":"http:\/\/despedidasvillarrobledo.com\/?page_id=112"},"modified":"2023-10-21T20:08:38","modified_gmt":"2023-10-21T20:08:38","slug":"bicifiesta","status":"publish","type":"page","link":"https:\/\/despedidasvillarrobledo.com\/?page_id=112","title":{"rendered":"BICIFIESTA"},"content":{"rendered":"<h3 style=\"text-align: center;\"><a href=\"https:\/\/despedidasvillarrobledo.com\/wp-content\/uploads\/2018\/09\/6dd5f0e9d42eac782ddc8da48ae55a99-min.jpg\"><img loading=\"lazy\" decoding=\"async\" class=\" wp-image-130 aligncenter\" src=\"https:\/\/despedidasvillarrobledo.com\/wp-content\/uploads\/2018\/09\/6dd5f0e9d42eac782ddc8da48ae55a99-min-300x79.jpg\" alt=\"\" width=\"441\" height=\"116\" srcset=\"https:\/\/despedidasvillarrobledo.com\/wp-content\/uploads\/2018\/09\/6dd5f0e9d42eac782ddc8da48ae55a99-min-300x79.jpg 300w, https:\/\/despedidasvillarrobledo.com\/wp-content\/uploads\/2018\/09\/6dd5f0e9d42eac782ddc8da48ae55a99-min.jpg 480w\" sizes=\"auto, (max-width: 441px) 100vw, 441px\" \/><span style=\"color: #ffffff;\">BIENVENDIDOS A BICIFIESTA<\/span><\/a><\/h3>\n<h3 style=\"text-align: center;\"><span style=\"color: #ffffff;\">LLEGA UN NUEVO CONCEPTO DE DIVERSION:<\/span><\/h3>\n<p><span style=\"color: #ffffff;\">Con Bicifiesta las mayores celebraciones se comparten en grupo porque nuestra bicicleta colectiva tiene capacidad hasta para un total de 22 ocupantes al mismo tiempo. A partir de ahora no habr\u00e1 fiesta que est\u00e9 completa sin ella.<\/span><br \/>\n<span style=\"color: #ffffff;\">No es solo una bici m\u00faltiple, es una verdadera discoteca rodante que dispone de:<\/span><br \/>\n<span style=\"color: #ffffff;\">&#8211; Pedaleo asistido para que no acab\u00e9is con la lengua fuera del esfuerzo, se trata de divertirse. Adem\u00e1s llevar\u00e9is un conductor que hace de chofer y dirige la bicicleta para que est\u00e9is coordinados. Tambi\u00e9n hace de gu\u00eda y speaker anim\u00e1ndoos con los comentarios m\u00e1s elocuentes.<\/span><\/p>\n<p><span style=\"color: #ffffff;\">&#8211; M\u00fasica y pantallas para que, incluso sentados, no pod\u00e1is reprimir las ganas de bailar y vay\u00e1is todo el camino motivados para seguir con la celebraci\u00f3n hasta que haga falta. Toda la bici est\u00e1 iluminada con leds que lo convierten en el reclamo de cualquier calle una vez anochece. Si no est\u00e1is preparados para ser el centro de atenci\u00f3n esto no es para vosotros.<\/span><br \/>\n<span style=\"color: #ffffff;\">&#8211; Trono para el protagonista: si est\u00e1is de despedida de soltero la novia y el homenajeado tienen una plaza especial para dejar claro qui\u00e9n est\u00e1 a punto de pasar por el altar. Pod\u00e9is contratar lo que quer\u00e1is para el trayecto, desde cerveza hasta comida. Vamos hasta la localidad que nos indic\u00e1is y \u00a1empezamos con la fiesta!<\/span><\/p>\n<p><a href=\"https:\/\/despedidasvillarrobledo.com\/wp-content\/uploads\/2018\/09\/IMG-20170113-WA0017-min.jpg\"><img loading=\"lazy\" decoding=\"async\" class=\" wp-image-132 aligncenter\" src=\"https:\/\/despedidasvillarrobledo.com\/wp-content\/uploads\/2018\/09\/IMG-20170113-WA0017-min-300x225.jpg\" alt=\"\" width=\"362\" height=\"271\" srcset=\"https:\/\/despedidasvillarrobledo.com\/wp-content\/uploads\/2018\/09\/IMG-20170113-WA0017-min-300x225.jpg 300w, https:\/\/despedidasvillarrobledo.com\/wp-content\/uploads\/2018\/09\/IMG-20170113-WA0017-min-768x576.jpg 768w, https:\/\/despedidasvillarrobledo.com\/wp-content\/uploads\/2018\/09\/IMG-20170113-WA0017-min-1024x768.jpg 1024w, https:\/\/despedidasvillarrobledo.com\/wp-content\/uploads\/2018\/09\/IMG-20170113-WA0017-min.jpg 1600w\" sizes=\"auto, (max-width: 362px) 100vw, 362px\" \/><\/a><\/p>\n<p>&nbsp;<\/p>\n<div style=\"width: 848px;\" class=\"wp-video\"><video class=\"wp-video-shortcode\" id=\"video-112-1\" width=\"848\" height=\"480\" preload=\"metadata\" controls=\"controls\"><source type=\"video\/mp4\" src=\"https:\/\/despedidasvillarrobledo.com\/wp-content\/uploads\/2018\/09\/spot-bicifiesta.mp4?_=1\" \/><a href=\"https:\/\/despedidasvillarrobledo.com\/wp-content\/uploads\/2018\/09\/spot-bicifiesta.mp4\">https:\/\/despedidasvillarrobledo.com\/wp-content\/uploads\/2018\/09\/spot-bicifiesta.mp4<\/a><\/video><\/div>\n<h4><span style=\"color: #ff00ff;\"><strong>pack desde 25\u20ac con cerveza, sangr\u00eda y licor \/ tiempo aprox. 2 horas. nos desplazamos a tu localidad<\/strong> <\/span><\/h4>\n","protected":false},"excerpt":{"rendered":"<p>BIENVENDIDOS A BICIFIESTA LLEGA UN NUEVO CONCEPTO DE DIVERSION: Con Bicifiesta las mayores celebraciones se comparten en grupo porque nuestra bicicleta colectiva tiene capacidad hasta para un total de 22 ocupantes al mismo tiempo. A partir de ahora no habr\u00e1 fiesta que est\u00e9 completa sin ella. No es solo una bici m\u00faltiple, es una verdadera [&hellip;]<\/p>\n","protected":false},"author":2,"featured_media":0,"parent":0,"menu_order":0,"comment_status":"closed","ping_status":"closed","template":"","meta":{"footnotes":""},"class_list":["post-112","page","type-page","status-publish","hentry","entry"],"_links":{"self":[{"href":"https:\/\/despedidasvillarrobledo.com\/index.php?rest_route=\/wp\/v2\/pages\/112","targetHints":{"allow":["GET"]}}],"collection":[{"href":"https:\/\/despedidasvillarrobledo.com\/index.php?rest_route=\/wp\/v2\/pages"}],"about":[{"href":"https:\/\/despedidasvillarrobledo.com\/index.php?rest_route=\/wp\/v2\/types\/page"}],"author":[{"embeddable":true,"href":"https:\/\/despedidasvillarrobledo.com\/index.php?rest_route=\/wp\/v2\/users\/2"}],"replies":[{"embeddable":true,"href":"https:\/\/despedidasvillarrobledo.com\/index.php?rest_route=%2Fwp%2Fv2%2Fcomments&post=112"}],"version-history":[{"count":10,"href":"https:\/\/despedidasvillarrobledo.com\/index.php?rest_route=\/wp\/v2\/pages\/112\/revisions"}],"predecessor-version":[{"id":419,"href":"https:\/\/despedidasvillarrobledo.com\/index.php?rest_route=\/wp\/v2\/pages\/112\/revisions\/419"}],"wp:attachment":[{"href":"https:\/\/despedidasvillarrobledo.com\/index.php?rest_route=%2Fwp%2Fv2%2Fmedia&parent=112"}],"curies":[{"name":"wp","href":"https:\/\/api.w.org\/{rel}","templated":true}]}}